{"id":92,"date":"2019-11-05T14:09:30","date_gmt":"2019-11-05T14:09:30","guid":{"rendered":"http:\/\/hausaerzteinburtscheid.de\/?page_id=92"},"modified":"2020-01-06T19:04:22","modified_gmt":"2020-01-06T19:04:22","slug":"florian-matthias-schierp","status":"publish","type":"page","link":"https:\/\/hausaerzteinburtscheid.de\/?page_id=92","title":{"rendered":"Florian Matthias Schierp"},"content":{"rendered":"\n<h1 class=\"wp-block-heading\">Florian Matthias Schierp<\/h1>\n\n\n\n<h4 class=\"wp-block-heading\"><strong>Facharzt f\u00fcr Innere Medizin<\/strong><\/h4>\n\n\n\n<div style=\"height:46px\" aria-hidden=\"true\" class=\"wp-block-spacer\"><\/div>\n\n\n\n<p>Ich wurde 1983 in Aachen geboren und bin hier zur Schule gegangen. <\/p>\n\n\n\n<p>Nach dem Abitur am Einhard Gymnasium war ich im Rahmen des Zivildienstes beim Rettungsdienst des DRK Aachen t\u00e4tig. <\/p>\n\n\n\n<p>2004 begann ich mein Studium der Humanmedizin an der Universit\u00e4t zu L\u00fcbeck, wo ich 2011 meine Approbation erhielt. Meine Facharztausbildung begann ich in der Sch\u00f6n Klinik Neustadt in Ostholstein (Fachschwerpunkte: Kardiologie, Gastroenterologie, Endokrinologie, Pulmologie). <\/p>\n\n\n\n<p>2015 kehrte ich zur\u00fcck nach Aachen ans Luisenhospital (Fachschwerpunkte Gastroenterologie, Pulmologie, Diabetologie). 2017 legte ich erfolgreich die Pr\u00fcfung zum Facharzt f\u00fcr Innere Medizin ab. <\/p>\n\n\n\n<p>Seit 2017 freue ich mich f\u00fcr Sie im ambulanten Bereich t\u00e4tig zu sein.<\/p>\n","protected":false},"excerpt":{"rendered":"<p>Florian Matthias Schierp Facharzt f\u00fcr Innere Medizin Ich wurde 1983 in Aachen geboren und bin hier zur Schule gegangen. Nach dem Abitur am&hellip;<\/p>\n","protected":false},"author":1,"featured_media":95,"parent":14,"menu_order":0,"comment_status":"closed","ping_status":"closed","template":"page-templates\/full-width.php","meta":{"footnotes":""},"class_list":["post-92","page","type-page","status-publish","has-post-thumbnail","hentry"],"_links":{"self":[{"href":"https:\/\/hausaerzteinburtscheid.de\/index.php?rest_route=\/wp\/v2\/pages\/92","targetHints":{"allow":["GET"]}}],"collection":[{"href":"https:\/\/hausaerzteinburtscheid.de\/index.php?rest_route=\/wp\/v2\/pages"}],"about":[{"href":"https:\/\/hausaerzteinburtscheid.de\/index.php?rest_route=\/wp\/v2\/types\/page"}],"author":[{"embeddable":true,"href":"https:\/\/hausaerzteinburtscheid.de\/index.php?rest_route=\/wp\/v2\/users\/1"}],"replies":[{"embeddable":true,"href":"https:\/\/hausaerzteinburtscheid.de\/index.php?rest_route=%2Fwp%2Fv2%2Fcomments&post=92"}],"version-history":[{"count":7,"href":"https:\/\/hausaerzteinburtscheid.de\/index.php?rest_route=\/wp\/v2\/pages\/92\/revisions"}],"predecessor-version":[{"id":325,"href":"https:\/\/hausaerzteinburtscheid.de\/index.php?rest_route=\/wp\/v2\/pages\/92\/revisions\/325"}],"up":[{"embeddable":true,"href":"https:\/\/hausaerzteinburtscheid.de\/index.php?rest_route=\/wp\/v2\/pages\/14"}],"wp:featuredmedia":[{"embeddable":true,"href":"https:\/\/hausaerzteinburtscheid.de\/index.php?rest_route=\/wp\/v2\/media\/95"}],"wp:attachment":[{"href":"https:\/\/hausaerzteinburtscheid.de\/index.php?rest_route=%2Fwp%2Fv2%2Fmedia&parent=92"}],"curies":[{"name":"wp","href":"https:\/\/api.w.org\/{rel}","templated":true}]}}